b be p(2). Suppose -j - b*j = -6805. Is j composite?
False
Suppose -5*j = p - 169, -3*p + j = -27 - 480. Is p a prime number?
False
Let c(v) = 8*v - 2. Let f(w) = w. Let u(r) = -c(r) + f(r). Let y be -2 + (-2)/(-3 - -5). Is u(y) a prime number?
True
Suppose -l + 4*w = -390, -2*l - w = -2*w - 773. Is l a composite number?
True
Is 1847/(-3 + 1 + 3) prime?
True
Let d be 1/(-3) - (-3724)/12. Suppose d = 4*v + 98. Is v a prime number?
True
Let b(q) = q. Let x(k) = -k + 1. Let p(g) = 4*b(g) + 3*x(g). Let h be p(-5). Let f(i) = -11*i - 1. Is f(h) a prime number?
False
Suppose -7*a + 2*a + 7045 = 0. Let g = a - 666. Is g composite?
False
Let m(p) be the second derivative of -4*p**3/3 + 3*p**2/2 + 3*p. Suppose -5*l - 4*j + 0*j - 25 = 0, 5*l = 3*j - 25. Is m(l) a composite number?
False
Let t(h) = 3*h**3 + 7*h**2 - 7*h + 12. Is t(5) a prime number?
False
Let z be (-10)/(-15) + (-2138)/(-6). Suppose -6*j = h - j + z, -h - 381 = -3*j. Let u = -113 - h. Is u a composite number?
True
Suppose -2*w = k + 4, -2*w - 3*k = -k + 6. Let q = w - -4. Suppose 8 - 83 = -q*x. Is x prime?
False
Suppose -4*w + 6367 = 5*v + 1030, 0 = w + 2. Is v prime?
True
Suppose -2*n - 7 = 5*p - 0, 4*p + 32 = 5*n. Suppose -n*k + 437 - 141 = 0. Is k prime?
False
Suppose 7*n = 9*n + 270. Let f = 430 + n. Is f a prime number?
False
Let t(l) = 23*l**2 - 9*l + 7. Is t(3) a prime number?
False
Is 255 + 3/((-6)/8) a prime number?
True
Suppose 1372 = y + 285. Is y composite?
False
Let h(k) = -k**3 - 4*k**2 - 3*k + 4. Let r be h(-5). Suppose 5*a + 33 = l, l = -a + r - 5. Is l a prime number?
False
Suppose 456 = -0*n - 4*n. Is 5/15*n/(-2) composite?
False
Let v(u) = -45*u - 6. Let w be v(-4). Suppose 2*r - w = -0*r. Is r prime?
False
Let a = -12 + 8. Is 0 + 1 + a + 56 prime?
True
Let m be (1/(-2))/((-2)/4). Let l = 20 - m. Is l composite?
False
Let k(p) = p**3 - 7*p**2 - 8*p - 9. Let f be k(8). Is (-2)/f - 33132/(-108) composite?
False
Let j be (-195)/21 + (-6)/(-21). Let y be (-470)/(-3) + 6/j. Suppose -107 = -2*n - 2*u + 3*u, -y = -3*n + 3*u. Is n a composite number?
True
Suppose 3*i + 54 = -5*z + 212, 2*i + 4*z - 106 = 0. Is (i/12)/((-3)/(-84)) prime?
False
Let u be (-23)/(-7) + (-8)/28. Suppose -66 = -4*x - 3*i + 42, 2*x - 48 = -u*i. Suppose -n + x = n. Is n composite?
True
Let w(d) = -11*d**3 - 5*d**2 - 3*d. Let u be w(-3). Suppose -236 = -3*k - 2*s, 3*s + u - 30 = 3*k. Let b = -56 + k. Is b prime?
False
Suppose -4*i - 49 = 59. Let o = 19 + i. Is (-6)/o + 521/4 prime?
True
Let b = 11 - 6. Is (-2)/10 - (-796)/b composite?
True
Let g = 112 + 1. Suppose -182 = -5*n + g. Is n a composite number?
False
Let b(m) = 5*m**3 + 7*m**2 + 7*m - 6. Let i(w) = w**2 + w - 1. Let g(o) = -b(o) + 6*i(o). Let c be g(-1). Suppose 622 = c*z + 67. Is z a composite number?
True
Let i(c) = -c**2 - 6*c - 4. Let v be i(-4). Suppose x - v*x = -615. Is x prime?
False
Let j be ((-1)/2)/((-1)/294). Is (j/3 + -2)*1 a prime number?
True
Suppose 0 = -t + 40 + 37. Is t a prime number?
False
Let o = -5 - -8. Suppose -39 = -0*t + o*t. Let b(c) = -11*c - 10. Is b(t) a composite number?
True
Is 2/((-12)/(-138590)) - 2/(-3) a prime number?
True
Let d = -3 - -5. Let t = d - -12. Is t a composite number?
True
Suppose -4*n - 6 = -10. Let r(q) = 289*q. Is r(n) composite?
True
Suppose -3*q = -5*o - 0*o + 248, 102 = 2*o - 4*q. Is o prime?
False
Let p = -49 - -83. Is p a prime number?
False
Let c(z) = -z + 4. Let l be c(4). Suppose -2*v + 132 + 34 = l. Is v a prime number?
True
Let u be 20*(-2)/(-4)*-1. Let f be (-6)/(-15) + 4/u. Suppose f = -2*x + 3*x - 37. Is x a composite number?
False
Suppose -6*y = -5868 - 426. Is y a composite number?
False
Suppose -4*d = -x + 883, -5*x - 3*d = -3536 - 810. Let t = x + -186. Is t a prime number?
False
Suppose -4*q = 3*j - 11, 4*j - q = 3*q + 52. Suppose -6*l - 318 = -j*l. Suppose -7*y + 5*r - l = -9*y, 3*y + 5*r = 159. Is y prime?
True
Let x(g) = g**2 - 7*g + 9. Let f(j) = -8*j - 1. Let i be f(1). Let r be x(i). Suppose -z + r = 2*z. Is z a prime number?
False
Suppose -t = -w - 11, 0*w - t = -5*w - 35. Is (8 + w)/((-4)/(-218)) prime?
True
Suppose -38 = -2*o - 4*r, 4*r + 8 = 5*o - 73. Let x(d) = o*d**2 + 8*d - 5*d + 1 - 6*d**2 - 5*d + d**3. Is x(-8) prime?
False
Is (3272/16)/((-2)/(-4)) composite?
False
Suppose -l + 657 = -1076. Is l prime?
True
Suppose -2 = -2*z + 2. Suppose 5*b - 5*l - 870 = 0, 3*b = -5*l + z*l + 540. Is b a composite number?
True
Suppose 4 = 3*r - 2*r. Let a(t) = -6*t**2 + t + 6. Let h(l) = -11*l**2 + l + 12. Let u(f) = 7*a(f) - 4*h(f). Is u(r) prime?
False
Suppose -f - 261 = 2*v, 4 = -5*f + f. Let i = v + 209. Is i composite?
False
Let p be (-36)/(-1)*(-39)/(-9). Let v = p + -87. Is v a composite number?
True
Is (-1)/((-3249)/1623 + 2) a composite number?
False
Suppose -3*b - 88 + 241 = 0. Is b a composite number?
True
Is (-5)/70*4 + 13320/21 composite?
True
Suppose 3*w - x = 8, -3*x - 23 = -3*w + x. Let y(d) = -7*d - w + 0 + 0. Is y(-2) a prime number?
True
Let k be (-1356)/(-5) - (-2)/(-10). Suppose -5*d - 5*l = -4*d - k, 3*l = 12. Is d prime?
True
Let x = -148 + 430. Suppose -2*v = d - 243, -3*d - 320 = -5*v + x. Is v composite?
True
Let x be 1071/6 + 1/(-2). Let u be x/(1 + (1 - 0)). Suppose u + 143 = 4*z. Is z prime?
False
Let d(h) = -h**3 - 10*h**2 - 16*h + 34. Is d(-15) composite?
False
Suppose 4*h = -11 + 379. Is 1 - (-2)/1*h prime?
False
Suppose k - 287 = 17. Let q be 4*(-5)/(-4)*31. Let c = k - q. Is c prime?
True
Let m(q) be the second derivative of -3/2*q**3 - 3*q + 0 + 1/2*q**4 + 4*q**2 + 1/20*q**5. Is m(-7) prime?
False
Suppose -4*c + 195 = -1025. Is c prime?
False
Suppose -2*f - 7*f = -1899. Is f composite?
False
Suppose 3*t = 7*t. Suppose t = 4*y + 210 - 598. Is y composite?
False
Let y = 581 - 348. Is y composite?
False
Let r(p) = -2*p**2 - 2*p + 7. Let u(k) = 3*k**2 + 5*k - 14. Let a(i) = -5*r(i) - 3*u(i). Let l be a(6). Let y = 21 + l. Is y a prime number?
False
Let a(t) = -t**3 - 7*t**2 + 7. Let y be (-7 - -13) + 2/2. Suppose 3*d - 4*d = y. Is a(d) a prime number?
True
Let l(u) = -u + 1. Let o be l(-1). Suppose n - 142 = -a - 0*a, -281 = -o*n - 3*a. Is n composite?
True
Let l(m) = -2*m**3 - m**2 + 2*m + 2. Let z be l(-3). Suppose 0 = 5*i - 9 - z. Suppose 11 + i = b. Is b prime?
False
Let o be ((-114)/(-18))/(2/24). Suppose o = i - 129. Is i a composite number?
True
Let n(x) = -x**3 + 5*x**2 + 2*x + 2. Let k be n(5). Suppose -3*g + k + 9 = 0. Is g prime?
True
Let t = -166 - -172. Is t prime?
False
Suppose 2*o = -0*o + 1082. Is o a prime number?
True
Suppose i + 2*t - 73 = -0*i, i - 2*t - 81 = 0. Is i composite?
True
Suppose -3*g - g + 132 = -4*p, 4*g - 138 = p. Is g prime?
False
Let r(g) = -2*g**3 + g**2 + 3*g - 1. Let o be r(2). Let i(p) = 3*p**2 + 9*p - 1. Is i(o) prime?
True
Suppose -5*a + 4*x = -18 - 3, 0 = 3*a - x - 7. Let z be -1*(-73 + 0 - a). Suppose 3*k - z = k. Is k a composite number?
False
Is 174/8 + (-2)/(-8) a composite number?
True
Let w = 156 - 7. Is w prime?
True
Suppose -961 = -i - 198. Is i a prime number?
False
Let p be ((-6)/4)/(1/(-14)). Suppose -5*h - p = -186. Is h composite?
True
Let p(v) = v + 4. Let a be p(-3). Suppose -j + 3*c - 13 = -2*c, -c = -j - a. Suppose 5*s = j*m - 17, 21 = 8*m - 4*m + 3*s. Is m a composite number?
True
Let p = 4205 + -1272. Is p prime?
False
Let r be 3 + 1 + 0 + 1. Let p(c) = -c**2 + 5*c + 5. Let t be p(r). Let n = 18 + t. Is n a prime number?
True
Let t = 5310 - 1487. Is t prime?
True
Let b(p) = -p. Let x be b(-6). Let k be (x/(-1))/(0 - 2). Suppose 2*l - 4*l = k*o - 83, -86 = -2*l - 4*o. Is l a composite number?
False
Let r(g) = -g**2 - 7*g - 5. Let p be r(-6). Let i = p - -1. Let j = 39 - i. Is j prime?
True
Suppose 0*q = 4*q + 52. Is (-1 - -2)*-2 - q a composite number?
False
Let q = 2 - -2. Let y(s) be the second derivative of s**4/4 - s**2 + 3*s. Is y(q) prime?
False
Let w(t) = t**3 + 9*t**2 + 2*t - 7. Is w(-7) a prime number?
False
Let x(y) = y**2 - 2*y - 1. Let m be x(3). Let o(r) = 651*r. Let n be o(1). Suppose 0 = v + 5, m*i + 2*i + 5*v - n = 0. Is i composite?
True
Let x(b) = 5*b**2 - 10*b - 14. Is x(11) composite?
True
Let y(f) = 287*f - 22. Is y(3) a prime number?
True
Suppose -2*x + 3*z + 811 = 0, 4*x - 3*x - 4*z = 403. Is x a composite number?
True
Let d(f) = f + 4. Let a be d(-10). Is (